2 - (3 + 0))
9
-4 + (14 - (19 + -8))
-1
Evaluate 33 + -73 + 45 + -24.
-19
4 - (-1 + 4 + (-17 - -14) - -6)
-2
7 + 3 - (25 + 3) - -10
-8
33 + -28 + 30 + -11
24
Evaluate -3 + (15 + (-23 - -10) - (1 + 6)).
-8
What is the value of -9 + (19 - (-2 - -7)) - (2 - -1)?
2
What is (71 - 47) + (-2 - 4) + -10?
8
Calculate (9 - (11 + -3)) + 11.
12
Calculate 52 + -52 - (6 + -6 - (0 + -1)).
-1
Calculate 15 + -20 - 1 - (-7 - -1).
0
Calculate -8 + (1 - -8) + 0 + -5.
-4
Calculate 2 + -4 - 0 - -3 - 4.
-3
What is 11 + -28 + -9 + 30?
4
Calculate (12 - -1) + -220 + 221.
14
7 - (55 + -30) - -11
-7
What is the value of 2 + (-5 - 0) + 9 + -1 + -28?
-23
Evaluate (-54 + 43 - (-4 + -8)) + (14 - -1).
16
What is the value of 229 + -215 + -12 + 4 + (-3 - -1)?
4
What is the value of (6 + -25 - -15) + 24 - (3 + -1)?
18
Evaluate -15 + -2 - (-2 + -11).
-4
(5 + -2 - 0) + 2 - 0
5
What is -14 + (12 - (9 + -5)) + 0?
-6
What is 11 - (1 + -17 - (369 - 366))?
30
Evaluate (-4 - -19) + -9 - (-1 - 5).
12
Calculate -1 + 2 - (20 - 28 - -12).
-3
Calculate 19 - (12 + 43 + -23).
-13
Calculate -2 + 1 + -9 + (30 - 12).
8
What is the value of (-1 + 11 - 7) + -8 + 3 + 14?
12
What is -11 - (47 + -20 + -29)?
-9
What is the value of -23 + 29 + -6 - 15?
-15
Evaluate -17 + -19 + 63 + -16.
11
What is the value of -1 + 3 + -2 - (10 - 13)?
3
Calculate 19 + -19 + 16 + -44 + 1.
-27
Evaluate (1 - 8) + 7 - (2 - 12).
10
Evaluate (6 - 13) + 12 + -18 - -38.
25
Calculate 92 + -70 - (-2 + 35).
-11
What is (-47 + 30 - -60) + -3?
40
Calculate -10 + -6 + -19 + 24.
-11
What is -12 + (-4 - (0 + -5)) - -14?
3
What is the value of 8 + -14 + (-21 - -49)?
22
Evaluate (15 - (2 - -1)) + (0 - 2) + 8.
18
Evaluate (6 - 5 - (19 + -12)) + -14.
-20
(8 - (2 - 10)) + -4
12
What is the value of -15 + (14 - 5 - (1 - -3) - 14)?
-24
What is 27 - (4 + (-25 - -22))?
26
Evaluate -7 - (20 + -17 - (2 - -1)).
-7
Evaluate 35 - 25 - (1 + (1 - 1 - 1)).
10
What is 6 + (5 - 2) - (2 + 0)?
7
What is the value of 6 - -48 - 52 - (0 - 26)?
28
-15 + (36 - (-8 - -11)) - (5 + -2)
15
-2 + -10 - (-15 - 1)
4
Calculate (1 - -12) + -6 + 6 + -5 + 3.
11
Calculate -10 - 5 - -12 - (-5 - 0) - 6.
-4
What is -1 - 12 - (-34 - (-14 + 12))?
19
What is the value of 31 - (2 + -1 + 0 + 3 + 1)?
26
Evaluate ((2 - -6) + -7 - -4) + 7.
12
Evaluate 23 + 37 + -29 + 3.
34
Calculate -1 + -14 + 25 + -3 + -2 - -7.
12
What is the value of 6 + -5 - (-4 + -3 + 3 - -3)?
2
What is -7 - 2 - ((-45 - 3) + 22)?
17
13 + (-7 - (3 - -9))
-6
What is the value of ((8 - 8) + 7 + -2 - 1) + 0?
4
Calculate 6 + (-1 - 6) - 6.
-7
Calculate 17 - (-7 + 8 + 1 + (-1 - -5)).
11
Calculate (3 - 0) + -9 - (-16 + (25 - 7)).
-8
9 + (0 - 4 - ((25 - 8) + -18))
6
Evaluate 1 + -5 + (-6 + 1 - -14).
5
What is the value of -1 + -2 + 0 + -5 + 0?
-8
-11 + 11 - (25 + -27)
2
What is the value of (22 - (1 + 29)) + 8 + -1?
-1
Evaluate -9 + 12 + -15 + 10.
-2
What is -37 + 31 + 15 + -42?
-33
What is -23 + (17 - (6 + -6 + 10))?
-16
What is the value of 1 + 9 - (70 + -65)?
5
Calculate 13 - (27 + -4 - 6).
-4
What is (-7 - 0) + (17 - 6)?
4
Calculate -12 + 0 + (7 - 6) - 3.
-14
Evaluate (8 + -15 + 17 - 9) + (0 - 0).
1
Calculate -2 + 0 + 14 + (7 - (-12 + 29)).
2
Evaluate -6 + 12 + -14 - -12.
4
(6 - -4) + 6 + (-7 - 7) + 6
8
Calculate -5 + (3 - (7 + 1)) - (-100 - -89).
1
(-26 - -14) + 20 - ((18 - -2) + 1)
-13
Evaluate (6 - 31) + 64 - 38.
1
Evaluate 13 + 13 + (8 - 36) + -6.
-8
What is 7 + -15 + 2 + -6?
-12
Evaluate (2 - -3) + (-10 - -2) + 3.
0
What is the value of (14 + -13 - 10) + -4 + -7?
-20
Calculate 1 - -3 - ((14 - 24) + 17).
-3
What is -7 - (16 - 17) - (4 - 0)?
-10
Calculate -15 - -15 - (9 + 0) - -25.
16
What is (15 - 3) + -3 + -4 + -17?
-12
(-6 - -4 - (0 + 11)) + 354 + -361
-20
415 + -398 + -12 + 0
5
Calculate -5 - (17 + -12 + -7).
-3
Calculate (-16 - (-19 + 9)) + 13 - 24.
-17
Calculate (9 + -2 - (5 + (1 - 9))) + -1.
9
Evaluate (7 + 2 - 9) + -1 + (-4 - 6).
-11
Evaluate 23 + -6 + (0 - (-1 + -9 + 5)).
22
(5 - 47) + -20 - -32
-30
What is 2 - (2 + -2 - (-6 - (4 - 11)))?
3
What is the value of (-15 - 10) + -6 - -24?
-7
What is -14 + -5 + -237 + 221?
-35
What is the value of 6 + 16 + -6 + -9 + -3 + 9?
13
-10 + -6 + 23 + -18
-11
17 + 20 + -1 + -24
12
21 + -1 + (161 - 167)
14
12 + (15 - (67 - 24))
-16
Calculate 20 + -22 + (-15 - -6).
-11
What is -14 + 49 + -22 - 27?
-14
-19 + 10 - (-4 - (9 - -21))
25
What is 17 + 14 + -19 - (2 - (1 + 6))?
17
(12 - 29) + (2 - -5)
-10
What is the value of (372 - 369) + (2 - 0 - (1 + 8))?
-4
-3 + -9 + 23 + 10 + -8
13
Calculate 4 - (3 - (-3 + 1) - -2) - 9.
-12
-5 + -24 + 24 + 1 + -3 + -1
-8
What is the value of 17 + (-15 - (-16 - (-5 - (11 + -9))))?
11
Evaluate (40 - 15 - 71) + (-1 - -17).
-30
What is the value of 612 + -621 - (0 - 22)?
13
Evaluate -3 + -29 + 46 + -9.
5
What is -5 - (-3 + 7 + -15)?
6
What is -1 + 1 - 18 - -1?
-17
18 + (-12 - -1) - (1 - 12)
18
(-18 - -11 - -1) + 13 + -18 + -1
-12
What is (-3 - (0 - (-7 - -40))) + (5 - 4)?
31
What is -19 + (10 - -9) + -4?
-4
What is the value of -6 + 21 - (1 + 2 + 6)?
6
What is the value of 13 + (2 - (-7 + 17))?
5
What is 5604 + -5585 - (5 + (-1 - -2))?
13
What is the value of 3 + (8 - 0 - (42 + -17 - 33))?
19
What is -7 + -5 - 2 - -6 - -23?
15
3 + -1 + -1 + -4 + (29 - 19)
7
(-15 - (6 - 0)) + 16
-5
Evaluate -851 + 816 - (-1 + -3).
-31
Calculate (-9 - -1) + (80 - 70).
2
What is the value of 12 + -5 + (-11 - (3 - 1 - -2))?
-8
What is the value of -24 + 71 + -5 + -19?
23
Evaluate -11 - 1 - (14 - 0 - 9).
-17
Calculate 4 + 20 - (272 - 270).
22
Calculate (-11 - 2) + -3 - (3 + -10).
-9
Calculate (4 - (-7 - -4)) + (-2 - 2) + -16.
-13
Calculate 10 - (-10 + 19 + 8) - 0 - 12.
-19
What is 0 + 52 - (1086 - 1049)?
15
Calculate 12 + -23 + 12 - -6.
7
Evaluate -6 + -2 + 9 + 9 + (-4 - 0).
6
What is 3 - ((7 - 0) + (1 - 2) - 9)?
6
-14 + -1 + -16 + 52 + -39
-18
What is the value of (27 - 0) + (-1 + 21 - (207 - 181))?
21
Calculate -10 - (-1 + -4 - (-1 - -2)).
-4
Calculate -22 + 1 + 8 + -13 + -5 + 11.
-20
-19 - (5 - 13 - 9)
-2
Calculate -9 + (38 + -16 - 13).
0
Evaluate ((-10 - -4) + 2 - -8) + -16 + 1.
-11
-6 + 26 + -11 + -2
7
What is 3 + (23 - 37) - (4 - 1)?
-14
Evaluate -3 - -6 - (103 - 114).
14
What is 18 + -10 + -1 - 0 - -14?
21
Evaluate -2 + 11 - (-2 - -6 - (-55 + 64)).
14
-5 - ((101 - 111) + -2 + 1)
6
What is the value of 2 - (3 + (23 - 14))?
-10
Evaluate (214 - 222) + (-4 - (3 + -4 + 2)).
-13
Evaluate 1 - (-36 + (4 + -4 - -15) + -8).
30
What is (0 - 2) + -1472 + 1496?
22
What is the value of 54 + 17 + -45 + -7?
19
-3 + (-1 - -5 - ((5 - 9) + 3))
2
What is the value of -36 + 21 + -16 - -3?
-28
(-1 - -1) + (-9 - 2)
-11
2 - ((-46 - -39) + (-1 - 6))
16
Evaluate (-6 - (-1 - 3)) + 7.
5
5 + -15 + 4 + 0 + -8 + 2
-12
Evaluate (-3 - -3) + 1 - -5 - (-8 + 37).
-23
What is the value of -29 + 30 + 6 - (-1 + -10)?
18
1 - (20 - -1) - -20
0
Evaluate 17 + ((14 - 3) + -4 - (4 + 8)).
12
Calculate 18 + 14 + -8 - 36.
-12
What is -2 + (2 - (-35 - -16))?
19
Evaluate (-12 - -2) + 0 + (11 - 5) + -1.
-5
1 + (1 - -20) + (5 - 1) + -8
18
What is 0 + 1 + 6 + (-30 - -39 - 3)?
13
Evaluate (35 - 42) + (1 - (-32 - (4 + -8))).
22
Calculate -12 - (-9 + 0) - 3 - -33.
27
Calculate -36 - (-22 + 22) - -29.
-7
What is the value of 19 + -7 - 15 - -22?
19
Calculate 6 + -2 + (-9 - -5).
0
Evaluate (14 - (1 + 0 - 2)) + (-274 - -270).
11
Evaluate 3 + -5 - (3 - (7 - -4)).
6
Evaluate 2 + -1 - ((-5 - -11) + -24 - -11).
8
Evaluate (5 - 14) + 5 + -2 - (-2 + 12).
-16
-29 - -41 - 20 - (-2 - -1)
-7
Calculate (1 - -4 - 3) + (-44 - -40) - -22.
20
-59 - -14 - -66 - (1 + 9)
11
Evaluate 117 - 116 - (11 + 8 + (0 - 0)).
-18
Evaluate -11 + 50 + -34 + 6.
11
What is -24 + -2 + (2 - -16)?
-8
What is 4 + -14 + -11 + 19?
-2
Calculate -5 - (-6 - (4 - -4)) - -10.
19
What is the value of (6 - 0) + 38 + -64?
-20
Calculate 8 + 12 + 3 + (18 - (2 + 22)).
17
-10 + -22 + 19 + 18
5
Evaluate (-17 + 17 - (15 + 0)) + -7 - 0.
-22
Calculate -35 + (27 - 1) + 0 + -11 + -5.
-25
Calculate 1 - 1 - ((-10 - -10 - 10) + 10).
0
What is (7 - 2) + -3 - 1 - 8?
-7
2 + -1 - 7 - -7 - -1 - 10
-8
What is 1 - 0 - (-88 - -74)?
15
-241 - -252 - (1 + 19)
-9
(17 + -7 - 9) + -8 + -2 + 21
12
Evaluate 2 + -26 + 15 + -5.
-14
What is the value of 5 + 7 + -12 + 7 + 3?
10
Calculate 16 + (14 - 5) + 16.
41
Evaluate -1 + 2 + -4 + 9 + (-2 - 0).
4
What is the value of 8 - ((-1 - -9) + -16 + 